 greatest common factor of 43011 and 555780?
177
What is the greatest common factor of 488 and 7910236?
244
Calculate the greatest common factor of 4799 and 351833886.
4799
What is the greatest common divisor of 802158728 and 1736?
1736
Calculate the greatest common factor of 7715023 and 27787.
751
Calculate the highest common divisor of 435 and 184031535.
435
Calculate the highest common factor of 7705027 and 44.
11
Calculate the greatest common factor of 26 and 98607587.
13
Calculate the greatest common divisor of 5084 and 1816228.
124
What is the highest common factor of 52536 and 519552?
264
What is the highest common factor of 344875821 and 51?
51
What is the greatest common factor of 28292682 and 11?
11
What is the highest common divisor of 247 and 17263935?
13
Calculate the greatest common divisor of 41826642 and 75686.
1066
What is the greatest common factor of 2464320 and 2244?
204
What is the highest common factor of 6355 and 10527160?
205
Calculate the highest common factor of 7065 and 762285.
15
What is the highest common divisor of 2717 and 1428401?
247
What is the greatest common divisor of 14600451 and 46373?
587
Calculate the greatest common divisor of 1388 and 59212080.
1388
What is the greatest common divisor of 5844650 and 5650?
50
What is the highest common divisor of 14 and 38664934?
14
What is the highest common divisor of 130471 and 574519?
319
What is the greatest common factor of 63492 and 4584448?
1628
Calculate the highest common divisor of 486 and 1514538.
162
Calculate the highest common divisor of 106427464 and 286.
286
What is the highest common factor of 1166 and 276248137?
583
Calculate the greatest common divisor of 7867612 and 188.
188
What is the highest common factor of 1884185 and 5?
5
Calculate the greatest common divisor of 43296 and 13134.
66
Calculate the greatest common divisor of 79985729 and 18028.
4507
Calculate the highest common factor of 81 and 741719673.
81
Calculate the highest common divisor of 12792 and 1699368.
984
Calculate the greatest common factor of 1114921 and 2923.
37
Calculate the highest common factor of 10647 and 688051.
91
What is the highest common divisor of 200 and 2934750?
50
What is the greatest common divisor of 41 and 36935055?
41
What is the greatest common factor of 27 and 15649569?
9
Calculate the highest common factor of 3631825 and 424.
53
What is the greatest common factor of 17 and 1219905788?
17
Calculate the highest common divisor of 6640002 and 54.
54
Calculate the highest common factor of 2067 and 37048219.
689
Calculate the greatest common factor of 455 and 60561085.
65
Calculate the highest common factor of 601287 and 25419.
111
What is the greatest common factor of 1637696 and 6624?
32
Calculate the highest common factor of 1612 and 1906190.
806
What is the greatest common divisor of 371 and 104783?
7
What is the greatest common factor of 459 and 1037442?
51
Calculate the greatest common divisor of 1285 and 399255.
5
What is the highest common divisor of 39844 and 750068992?
5692
What is the greatest common divisor of 154 and 17007892?
22
What is the greatest common divisor of 13921674 and 2958?
102
Calculate the highest common divisor of 1458 and 5964354.
162
What is the greatest common factor of 1064 and 11162956?
532
Calculate the greatest common divisor of 1748 and 1498772.
92
What is the highest common factor of 46893 and 2670987?
957
Calculate the greatest common factor of 3044 and 16820.
4
Calculate the greatest common divisor of 3460 and 13412344.
692
Calculate the highest common divisor of 8941667 and 1791.
199
What is the highest common divisor of 5412570 and 470?
10
Calculate the greatest common factor of 520198 and 251412.
1022
Calculate the highest common divisor of 230 and 1452329710.
230
What is the greatest common factor of 26412 and 3657876?
372
What is the greatest common divisor of 92 and 4779998?
46
Calculate the greatest common factor of 13581720 and 51114.
7302
What is the highest common divisor of 582046 and 2128?
38
What is the greatest common factor of 16029440 and 70?
70
What is the highest common factor of 127271914 and 5390?
1078
What is the greatest common divisor of 41775 and 3953586?
1671
What is the greatest common divisor of 35840 and 4218880?
5120
Calculate the highest common divisor of 17042086 and 466.
466
What is the highest common divisor of 917074752 and 384?
192
What is the greatest common factor of 24705 and 128445?
15
What is the greatest common divisor of 1649 and 6017439?
17
What is the greatest common divisor of 32757330 and 284820?
3030
What is the highest common factor of 4805514 and 7?
7
Calculate the greatest common factor of 750 and 4628418.
6
What is the greatest common divisor of 2594 and 69604802?
2594
What is the highest common divisor of 2388001 and 231?
77
Calculate the highest common divisor of 129185817 and 6093.
2031
What is the greatest common factor of 75773985 and 175?
35
Calculate the greatest common factor of 50224 and 747856.
688
Calculate the highest common divisor of 268928 and 4608.
128
What is the greatest common divisor of 257471586 and 1264?
158
Calculate the highest common factor of 8811725 and 12160.
95
Calculate the highest common factor of 816300 and 2475.
225
What is the highest common factor of 3153457 and 40797?
1511
Calculate the greatest common factor of 70028296 and 104.
104
What is the highest common factor of 328454 and 117334?
406
Calculate the greatest common divisor of 120081 and 47853.
39
What is the highest common divisor of 28283869 and 17?
17
What is the highest common divisor of 11 and 70887025?
11
What is the highest common divisor of 8 and 199176?
8
What is the highest common factor of 544088 and 28?
4
Calculate the highest common factor of 2037 and 27069.
21
Calculate the highest common divisor of 29156100 and 600.
300
Calculate the highest common factor of 1290 and 5288097.
129
Calculate the highest common divisor of 1565133 and 43199.
3323
What is the highest common factor of 75339 and 14751?
99
What is the highest common factor of 60494718 and 9?
3
What is the greatest common divisor of 6822448 and 32?
16
Calculate the greatest common factor of 52788 and 4717848.
636
Calculate the highest common divisor of 2119 and 59096791.
2119
Calculate the highest common divisor of 6364 and 5088980.
148
Calculate the greatest common factor of 1731 and 126361269.
1731
Calculate the highest common factor of 12880 and 9770.
10
What is the highest common divisor of 75310 and 9126686?
886
Calculate the greatest common divisor of 35360 and 53793440.
2720
What is the greatest common divisor of 136389 and 11352?
33
What is the greatest common factor of 1056530 and 1040?
10
Calculate the highest common factor of 136 and 1585613392.
136
What is the highest common divisor of 2522 and 407446?
26
Calculate the greatest common factor of 25897486 and 13448.
3362
What is the greatest common factor of 350 and 63158130?
70
What is the greatest common factor of 1314524799 and 105?
21
Calculate the highest common factor of 1090 and 42436970.
1090
Calculate the highest common divisor of 450 and 7024650.
150
Calculate the greatest common factor of 1497228 and 96.
12
Calculate the greatest common divisor of 5856 and 4565888.
32
Calculate the highest common factor of 104308812 and 7323.
7323
What is the greatest common divisor of 4898 and 3354498?
158
What is the greatest common factor of 428 and 15716588?
428
Calculate the greatest common factor of 14 and 40480650.
14
What is the greatest common divisor of 69984 and 81183384?
1944
Calculate the highest common divisor of 2175037416 and 72.
72
What is the greatest common factor of 2183460 and 303?
3
Calculate the greatest common factor of 1593 and 24252894.
531
Calculate the highest common divisor of 371091296 and 881.
881
What is the greatest common divisor of 640 and 4701952?
128
Calculate the greatest common factor of 9776 and 27807832.
4888
What is the greatest common divisor of 15327 and 992160?
117
What is the greatest common factor of 1717428 and 1002?
1002
What is the greatest common divisor of 2358 and 432702?
18
What is the highest common divisor of 13 and 20511855?
13
What is the highest common factor of 581432329 and 535?
107
Calculat